
-11
Let v(s) be the second derivative of 0*s**3 + 2*s - 1/2*s**2 + 0 - 1/12*s**4. Suppose -6*d + 4 = -2*d. What is v(d)?
-2
Let r(q) = -q**3 + 2*q**2 + 5*q - 4. Let b be r(3). Suppose 12*i - 7*i = 0. Let y(v) = 3 + v + b*v + i. Calculate y(-2).
-3
Suppose -8 = -7*m + 3*m. Suppose 7 = -2*n - 3*h + 4*h, -2 = n - m*h. Let d(x) = x**2 + 5*x. Calculate d(n).
-4
Let w(c) = -7*c**2 - 8*c**2 + c**3 - 2*c - 2 - 3*c**2 + 12*c**2. Give w(6).
-14
Let m(s) = -s**2 + 2*s + 2. Let b = -2 - -4. Suppose 5*k - 23 = b*f - 3*f, 2*k - 5 = f. What is m(f)?
-1
Suppose -5*j + 5*o + 35 = 0, 6*j + 5 = j - 5*o. Suppose q + 4*n - 26 = -n, -3*q = -j*n - 24. Let v = q - 16. Let z(d) = d + 12. Determine z(v).
7
Suppose 4*l = l - m + 19, 4*m - 16 = 0. Suppose 15 + 0 = l*c. Suppose n + 1 = -c. Let k(h) = -h**2 - 5*h + 3. What is k(n)?
7
Let t(q) be the first derivative of q**4/12 + q**2/2 - 4*q - 2. Let h(c) be the first derivative of t(c). What is h(1)?
2
Let z be ((-14)/(-7))/(2/(-6)). Let k(f) = f + 10. Give k(z).
4
Let n = -230 - -235. Let v(y) = -3*y + 9. Let i(l) = -6*l + 17. Let f(h) = -3*i(h) + 5*v(h). What is f(n)?
9
Let i(q) = q - 4. Let w(p) = -5*p - 8. Let s be w(-3). Suppose 3*k = 3*n + 21, s*n = 3*k + 3*n - 20. Give i(k).
4
Let r(w) = 5*w**3 - w + 4. Let k(x) = 4*x**3 + x**2 + 3. Let t(l) = -2*l**2 - 2*l + 1. Let z be t(-2). Let m(g) = z*r(g) + 4*k(g). Give m(-3).
0
Let b(w) be the second derivative of w**4/6 + 5*w**3/6 + w**2 + 4*w. Calculate b(-3).
5
Let g(t) = t**2 - 2*t + 3. Let o(j) = j**2 + 7*j + 9. Suppose 4*b - 18 = 7*b. Let c be o(b). Determine g(c).
6
Suppose d + 0*d = 3. Let u(s) = -s**2 + 5*s - 4. Determine u(d).
2
Let b(t) = -t + 3. Let g(o) = o**2 - 7*o + 4. Let p be g(7). Give b(p).
-1
Let y be -1 + -4 + 2/2. Let b(m) be the first derivative of m**3/3 + 2*m**2 - 5*m - 7. What is b(y)?
-5
Let y be 2/7 + 2/(-7). Let h(x) = x**3 + y*x**2 + 0*x**2 - x. Let g = -5 - -7. Give h(g).
6
Let t(b) = 3*b**3 - 2*b**2 + 9*b - 11. Let x(f) = -2*f**3 + f**2 - 5*f + 6. Let c(a) = -3*t(a) - 5*x(a). Calculate c(-3).
-9
Let z(r) = -r + 1. Let n(v) = -2*v**3 + 2*v**2 + 3*v - 2. Let c be n(2). Let a be 29/(-9) - c/18. Determine z(a).
4
Let c be 5/2*30/25. Let d(a) = 4*a - a + a - a**2 - 2. Calculate d(c).
1
Let p = -15 - -14. Let z(u) be the first derivative of u**4/2 + u**3/6 - u - 1. Let k(l) be the first derivative of z(l). Calculate k(p).
5
Let l(o) = -12*o + 9*o + 0*o**2 - 1 - o**2. Give l(-4).
-5
Let w(a) = -a - 11. Suppose 33 = -2*j - 5*f, 3*j - 4*f - 13 + 5 = 0. Suppose 6 = -3*l - 6. Let s = l - j. What is w(s)?
-11
Let i(q) = -q + 12. Let a be i(7). Let z(v) = -v + 4. Calculate z(a).
-1
Suppose -i - 4 = -3*i. Suppose 2*o = 3*o - i. Let q(a) = -a**3 + 2*a**2. Determine q(o).
0
Let b be 2 + (3/(-1) - -2). Let t(k) = 6*k - 1. What is t(b)?
5
Let u(s) be the third derivative of s**6/120 + s**5/10 - 7*s**4/24 - 34*s**2 - 1. Let l = -3 - 4. Determine u(l).
0
Let v(t) = t**2 + 1. Let a(f) = -4*f - 2 - 4*f + 7*f**2 + 11 + 2*f. Let b(g) = -a(g) + 6*v(g). Determine b(6).
-3
Let r(h) = -4*h + 0*h + 3*h + 0*h + 1. Suppose -5*l - 11 = 4. Determine r(l).
4
Let t be -5 + -2 + 3 + 1. Let d(z) = z**2 - z + 6*z - 1 - 1. Calculate d(t).
-8
Let y(v) = -v**3 - 5*v**2 - 3*v - 1. Let m be 9 + 6*(-2)/4. Let a = m + -10. Calculate y(a).
-5
Let d(k) = -2 - 3 + 2 - 4*k + 6. Suppose 3 = -4*w + 5*i, -2*w - 2*i + 15 = w. Give d(w).
-9
Let q(w) = -w. Let s(x) be the third derivative of -x**5/60 + 3*x**4/8 + 13*x**3/6 + 2*x**2. Let i be s(10). Determine q(i).
-3
Let h(u) = -u**2 - 3*u - 2. Suppose 4*o + 5 = 8*o - d, 5*d + 9 = 4*o. Let n = -1 - o. Give h(n).
0
Let b(h) be the second derivative of -h**5/120 + h**4/12 - h**3/6 - 3*h. Let d(x) be the second derivative of b(x). Suppose s = 4*s + 9. Calculate d(s).
5
Suppose 18 = -4*y + 6. Let i(v) = v**3 + v**2 - v. Let t = -21 - -22. Let j(o) = -2*o**3 - 2*o**2 - 1. Let w(c) = t*j(c) + 3*i(c). Determine w(y).
-10
Suppose 5*j + 2*w = 2*j - 13, -2*w - 10 = 0. Let o(p) = 4*p**3 + 1. Give o(j).
-3
Suppose -3*n + 4 - 1 = 2*m, 0 = 4*m + 3*n - 9. Let u(x) = -m - x**2 - 3*x - 4*x + 4*x + 2*x**2. Suppose -3*y = -0*y - 9. Give u(y).
-3
Let d(k) = k**3 - k**2 - k - 6. Let t(q) = -q**3 + 2*q**2 + q + 7. Let r(x) = -5*d(x) - 4*t(x). Calculate r(-4).
14
Let s be 2/3 - (-4)/3. Suppose -w = -s + 3. Let d(g) = -13*g**2 - 9*g + 7. Let a(k) = 6*k**2 + 5*k - 4. Let q(z) = -7*a(z) - 4*d(z). Calculate q(w).
9
Let v(t) be the first derivative of 1/3*t**3 - 8 + t**2 - t. Give v(1).
2
Let k(p) = -p**3 - 5*p**2 + 9*p + 5. Let l = -17 - -11. What is k(l)?
-13
Let g(s) = -s**3 + 6*s**2 + 5*s + 6. Suppose 13*a - 35 = 8*a. Give g(a).
-8
Let q(g) be the first derivative of -2*g**3/3 + g**2/2 + g + 7. Determine q(-1).
-2
Let u(h) = 4*h**3 - 11*h**2 - 24*h - 25. Let b(w) = -w**3 + 4*w**2 + 8*w + 8. Let o(s) = 7*b(s) + 2*u(s). Let r be 45/6 + 1/2. Let d = -13 + r. Calculate o(d).
-9
Let c(o) = -o**2 - 4*o + 3. Suppose 4*f + v + 8 = 0, v - 16 = 4*f - 0*v. Give c(f).
6
Let s(g) = g**3 + 5*g**2 - g - 6. Let f be 18/8 + 4/(-16). Let j be 5/5*f*1. Let y = -7 + j. Determine s(y).
-1
Let g = -8 + 18. Let u be 30/12*12/g. Let b(s) = s - 6. Give b(u).
-3
Let j(i) = 0*i**2 - 6*i**2 + i**3 - i + 2*i. Let a(g) = g**3 - 6*g**2 + 2*g. Let r = 8 + -11. Let y(b) = r*a(b) + 2*j(b). Determine y(5).
5
Let s = 44 + -39. Let c(t) = -4*t + 1. What is c(s)?
-19
Let k(z) = z + 1. Let x(i) = -4*i - 4. Let j(t) = -7*k(t) - 2*x(t). Let b be j(1). Let m(h) = 5*h - h + h**2 - b + 0. Give m(-4).
-2
Let h(d) = 6*d**2 + d - 6. Let m(a) = 5*a**2 - 5. Let l(u) = 6*h(u) - 7*m(u). Determine l(-5).
-6
Let f = -13 + 11. Let x be 10/f - (8 + -8). Let v(k) be the third derivative of k**4/12 + k**3/2 + k**2. Determine v(x).
-7
Let r(b) = b**3 - b**2 - b - 1. Let c be ((-1)/4)/((-5)/(-20)). Calculate r(c).
-2
Suppose 7 = 5*q - 18. Let i(f) = f - 3 + q + 1 + f**2. Let g be (-3 - 0/(-1))/1. What is i(g)?
9
Let x(f) = 2*f**2 + 5*f + 4. Let h(z) = z**3 + 8*z + 0*z**3 - 2 + 9*z**2 - 1. Let u be h(-8). Calculate x(u).
7
Suppose 76 = 5*a - a. Suppose -11 = -3*g + 4*i, 4*i - 3*i = 4*g - a. Let z(y) = -g + 0 + 3*y - 4*y. Calculate z(0).
-5
Let h be 14/63 + (-4)/18. Let b be h*(1 + 0)*1. Let f(d) = 7 + 1 - d - d**2 - 1. Determine f(b).
7
Let v(j) = 15 + 8 + j**2 - 21 - 5*j. What is v(4)?
-2
Let k(y) = y + 8. Let p be (-6)/(2/(12/9)). Let j be k(p). Let v(m) = m**3 - 5*m**2 + 2*m + 3. Calculate v(j).
-5
Let d(f) = 3*f - 61. Let w be d(18). Let a(x) = x**3 + 8*x**2 + 7*x + 1. What is a(w)?
1
Let q = -2 - -4. Let g be ((-1)/(-2))/(q/12). Let r(m) = 1 + m + m**2 - g*m + 4*m. Calculate r(-2).
1
Let w be (27/(-18))/((-1)/2). Let f(v) = -v**3 + 2*v**2 + 2*v - 4. Give f(w).
-7
Let w(q) = 3*q - 1. Suppose 0*d = -7*d + 14. Give w(d).
5
Let s(k) = 28*k**3 - 29*k**3 + 3*k**2 - 3*k + 3 - k**2. Let o = -5 + 7. Calculate s(o).
-3
Let n(k) = -3 - 5*k + 2 + 2 + 3*k. Give n(3).
-5
Let q(m) = 2*m + 5*m**2 - 4*m**2 + 4*m + 3. Suppose 11 = 7*o + 39. What is q(o)?
-5
Let n(r) = -2*r**2 - 3*r + 3. Let a(h) = h**3 + 4*h**2 + 5*h + 4. Suppose 3 = -5*k - 12. Let d be a(k). Let w be -5 + (d - -2 - -2). What is n(w)?
-6
Suppose 0 = -4*b - t + 27 - 3, 4*t = -3*b + 18. Let x(a) = a**2 - 4*a - 4. What is x(b)?
8
Let j(f) = 14*f + 6. Let s(n) = 1 - 3 + n - 2*n - 4*n. Let l(i) = 4*j(i) + 11*s(i). Calculate l(3).
5
Let s(p) = p**3 + p**2 + p + 2. Suppose 2*v + j = 3*j - 4, 4*j + 8 = -4*v. Determine s(v).
-4
Let a(l) = -l + 5. Suppose 3*v - 17 = h, h + 1 = -0*v - v. What is a(v)?
1
Let k(n) = -2*n + 13. Let u be k(5). Suppose -9*w + u*w = 0. Let l(t) = 3*t + 5. Let i(z) = -z - 1. Let j(p) = -2*i(p) - l(p). Calculate j(w).
-3
Let v be (3 + 28/(-12))*18. Suppose 13*z + v = 15*z. Let l(c) be the second derivative of -c**3/3 + 7*c**2/2 - c. Calculate l(z).
-5
Suppose -c - 8 = c. Let v(n) = 2*n + 9. Let r(t) = -2*t - 8. Let m(u) = c*r(u) - 3*v(u). Determine m(-6).
-7
Let t(f) = -3*f**2 + 2 - 1 - 5*f**2. Suppose -2*k - 2*k = o + 1, -4*k = -5*o + 19. Suppose 0 = -w + o*w - 2. Give t(w).
-7
Let z(v) = 6*v. Let y(f) = -5*f. Let s(b) = 5*y(b) + 4*z(b). Suppose 2*h + 2 = -2. Give s(h).
2
Let v(g) = -242*g**2 + 2*g + 3 + g**3 + 247*g**2 - g. Give v(-5).
-2
Let z(s) = -s. Let b be z(-6). Let p(a) = 915*a**3 + 6*a + 0 + a - 7*a**2 - 5 - 914*a**3. Determine p(b).
1
Let x(c